n 5390 is divided by 5353.
37
Calculate the remainder when 15543 is divided by 133.
115
What is the remainder when 18040 is divided by 335?
285
Calculate the remainder when 25690 is divided by 1509.
37
What is the remainder when 79790 is divided by 26588?
26
What is the remainder when 60053 is divided by 20011?
20
Calculate the remainder when 890700 is divided by 296900.
0
Calculate the remainder when 50213 is divided by 25090.
33
What is the remainder when 115557 is divided by 389?
24
Calculate the remainder when 237519 is divided by 80.
79
Calculate the remainder when 705912 is divided by 217.
11
Calculate the remainder when 9803 is divided by 733.
274
What is the remainder when 23240 is divided by 40?
0
What is the remainder when 296999 is divided by 10?
9
What is the remainder when 87875 is divided by 5492?
3
Calculate the remainder when 12058 is divided by 1337.
25
Calculate the remainder when 15156 is divided by 1684.
0
Calculate the remainder when 2988 is divided by 2980.
8
What is the remainder when 5865 is divided by 198?
123
What is the remainder when 32495 is divided by 386?
71
Calculate the remainder when 23398 is divided by 78.
76
What is the remainder when 2902 is divided by 27?
13
Calculate the remainder when 1209 is divided by 393.
30
Calculate the remainder when 35580 is divided by 17781.
18
What is the remainder when 5953 is divided by 4541?
1412
What is the remainder when 6306 is divided by 783?
42
What is the remainder when 51479 is divided by 370?
49
What is the remainder when 78284 is divided by 14?
10
Calculate the remainder when 8714 is divided by 2127.
206
Calculate the remainder when 7237 is divided by 161.
153
What is the remainder when 190845 is divided by 224?
221
What is the remainder when 3334 is divided by 176?
166
What is the remainder when 2347 is divided by 303?
226
What is the remainder when 6238 is divided by 152?
6
What is the remainder when 36285 is divided by 96?
93
Calculate the remainder when 30589 is divided by 828.
781
Calculate the remainder when 752 is divided by 137.
67
What is the remainder when 1143 is divided by 171?
117
What is the remainder when 12300 is divided by 1227?
30
Calculate the remainder when 468 is divided by 178.
112
What is the remainder when 5433 is divided by 175?
8
What is the remainder when 10502 is divided by 3500?
2
Calculate the remainder when 15161 is divided by 2523.
23
What is the remainder when 407120 is divided by 81417?
35
Calculate the remainder when 5589 is divided by 6.
3
What is the remainder when 12232 is divided by 2038?
4
What is the remainder when 294544 is divided by 14727?
4
Calculate the remainder when 76679 is divided by 76660.
19
Calculate the remainder when 80943 is divided by 9.
6
What is the remainder when 27280 is divided by 6?
4
Calculate the remainder when 55786 is divided by 3.
1
Calculate the remainder when 11028 is divided by 18.
12
Calculate the remainder when 5845 is divided by 731.
728
What is the remainder when 96071 is divided by 51?
38
Calculate the remainder when 10614 is divided by 10614.
0
Calculate the remainder when 64484 is divided by 16108.
52
Calculate the remainder when 72963 is divided by 1920.
3
Calculate the remainder when 146331 is divided by 45.
36
What is the remainder when 10461 is divided by 495?
66
Calculate the remainder when 5286 is divided by 1700.
186
Calculate the remainder when 7740 is divided by 1926.
36
What is the remainder when 217 is divided by 56?
49
Calculate the remainder when 17946 is divided by 5869.
339
What is the remainder when 1710258 is divided by 63?
60
Calculate the remainder when 24368 is divided by 35.
8
Calculate the remainder when 27943 is divided by 243.
241
What is the remainder when 46089 is divided by 92?
89
Calculate the remainder when 270722 is divided by 91.
88
Calculate the remainder when 13401 is divided by 83.
38
Calculate the remainder when 3492 is divided by 485.
97
What is the remainder when 21747 is divided by 150?
147
Calculate the remainder when 474 is divided by 434.
40
Calculate the remainder when 59239 is divided by 9872.
7
Calculate the remainder when 155570 is divided by 635.
630
What is the remainder when 10992 is divided by 25?
17
Calculate the remainder when 21789 is divided by 10.
9
Calculate the remainder when 256891 is divided by 12.
7
What is the remainder when 113008 is divided by 55?
38
Calculate the remainder when 228836 is divided by 21.
20
Calculate the remainder when 8253 is divided by 8171.
82
Calculate the remainder when 3793 is divided by 732.
133
Calculate the remainder when 2095 is divided by 335.
85
What is the remainder when 6600 is divided by 133?
83
What is the remainder when 16000 is divided by 106?
100
Calculate the remainder when 1259599 is divided by 28.
19
What is the remainder when 11925 is divided by 37?
11
Calculate the remainder when 42352 is divided by 14117.
1
What is the remainder when 64940 is divided by 9276?
8
Calculate the remainder when 3010 is divided by 128.
66
Calculate the remainder when 3316234 is divided by 1565.
1564
Calculate the remainder when 880 is divided by 684.
196
What is the remainder when 400735 is divided by 1411?
11
Calculate the remainder when 679 is divided by 266.
147
What is the remainder when 20219 is divided by 27?
23
What is the remainder when 1124 is divided by 1048?
76
Calculate the remainder when 11406 is divided by 380.
6
Calculate the remainder when 167806 is divided by 970.
966
Calculate the remainder when 384449 is divided by 1244.
53
Calculate the remainder when 2285 is divided by 44.
41
What is the remainder when 2914 is divided by 65?
54
Calculate the remainder when 138 is divided by 80.
58
Calculate the remainder when 2389 is divided by 445.
164
Calculate the remainder when 461259 is divided by 17.
15
What is the remainder when 3835 is divided by 418?
73
What is the remainder when 275 is divided by 209?
66
Calculate the remainder when 22356 is divided by 7442.
30
Calculate the remainder when 2368460 is divided by 28.
24
What is the remainder when 382888 is divided by 62?
38
Calculate the remainder when 23196 is divided by 11452.
292
What is the remainder when 1121 is divided by 196?
141
What is the remainder when 373 is divided by 35?
23
What is the remainder when 11618 is divided by 725?
18
What is the remainder when 7876 is divided by 303?
301
What is the remainder when 42366 is divided by 507?
285
Calculate the remainder when 1187 is divided by 90.
17
Calculate the remainder when 11508 is divided by 1154.
1122
What is the remainder when 11984 is divided by 255?
254
Calculate the remainder when 2319949 is divided by 34.
27
What is the remainder when 3855 is divided by 545?
40
Calculate the remainder when 17416 is divided by 59.
11
Calculate the remainder when 20350 is divided by 3346.
274
Calculate the remainder when 51519 is divided by 62.
59
Calculate the remainder when 89397 is divided by 25.
22
What is the remainder when 1542 is divided by 413?
303
What is the remainder when 82495 is divided by 32?
31
Calculate the remainder when 124128 is divided by 1217.
1211
Calculate the remainder when 69763 is divided by 80.
3
What is the remainder when 105 is divided by 19?
10
Calculate the remainder when 34156 is divided by 207.
1
What is the remainder when 146109 is divided by 359?
355
Calculate the remainder when 3378 is divided by 160.
18
What is the remainder when 130933 is divided by 903?
901
Calculate the remainder when 497305 is divided by 8.
1
Calculate the remainder when 36720 is divided by 263.
163
What is the remainder when 2130116 is divided by 163854?
14
What is the remainder when 1086384 is divided by 7?
5
Calculate the remainder when 59854 is divided by 172.
170
Calculate the remainder when 82154 is divided by 3.
2
What is the remainder when 8186 is divided by 3186?
1814
Calculate the remainder when 46822 is divided by 38.
6
What is the remainder when 540 is divided by 88?
12
Calculate the remainder when 3550 is divided by 204.
82
What is the remainder when 34245 is divided by 331?
152
Calculate the remainder when 83307 is divided by 16.
11
What is the remainder when 13078 is divided by 8?
6
What is the remainder when 183026 is divided by 19?
18
What is the remainder when 205586 is di